{"id":1010,"date":"2022-10-29T11:05:45","date_gmt":"2022-10-29T09:05:45","guid":{"rendered":"http:\/\/verosyoga.sidispinnt.ch\/?page_id=1010"},"modified":"2025-12-04T10:25:46","modified_gmt":"2025-12-04T09:25:46","slug":"massage","status":"publish","type":"page","link":"https:\/\/kashiyoga-massage.ch\/?page_id=1010","title":{"rendered":"Massage"},"content":{"rendered":"\n<p>Das Prinzip dieser Arbeit ist eine Heilkunst, die bis mehrere tausende von Jahren zur\u00fcck geht. Schon damals war es durch Ber\u00fchrung mit den H\u00e4nden eine Steigerung des Wohlbefindens. In vielen Kulturen ist diese Heilkunst f\u00fcr K\u00f6rper Geist und Seele mit gr\u00f6sster Ehrfurcht und h\u00f6chstem Respekt f\u00fcr den K\u00f6rper verbunden. Im Zentrum steht der Mensch in seinem eigenem Pr\u00e4senz in seinem K\u00f6rper (der Tempel), um im Leben mit gr\u00f6sserer Leichtigkeit voranzukommen.<\/p>\n\n\n\n<div style=\"height:50px\" aria-hidden=\"true\" class=\"wp-block-spacer\"><\/div>\n\n\n\n<div class=\"wp-block-columns is-layout-flex wp-container-core-columns-is-layout-9d6595d7 wp-block-columns-is-layout-flex\">\n<div class=\"wp-block-column is-layout-flow wp-block-column-is-layout-flow\">\n<div class=\"wp-block-uagb-image aligncenter uagb-block-e47abf27 wp-block-uagb-image--layout-default wp-block-uagb-image--effect-grayscale wp-block-uagb-image--align-center\"><figure class=\"wp-block-uagb-image__figure\"><img decoding=\"async\" srcset=\"https:\/\/kashiyoga-massage.ch\/wp-content\/uploads\/2024\/12\/Massage-1024x1024.jpg ,https:\/\/kashiyoga-massage.ch\/wp-content\/uploads\/2024\/12\/Massage.jpg 780w, https:\/\/kashiyoga-massage.ch\/wp-content\/uploads\/2024\/12\/Massage.jpg 360w\" sizes=\"auto, (max-width: 480px) 150px\" src=\"https:\/\/kashiyoga-massage.ch\/wp-content\/uploads\/2024\/12\/Massage-1024x1024.jpg\" alt=\"\" class=\"uag-image-1683\" width=\"400\" height=\"400\" title=\"\" loading=\"lazy\" role=\"img\"\/><\/figure><\/div>\n<\/div>\n\n\n\n<div class=\"wp-block-column is-layout-flow wp-block-column-is-layout-flow\">\n<div class=\"wp-block-uagb-image aligncenter uagb-block-ad9e2054 wp-block-uagb-image--layout-default wp-block-uagb-image--effect-grayscale wp-block-uagb-image--align-center\"><figure class=\"wp-block-uagb-image__figure\"><img decoding=\"async\" srcset=\"https:\/\/kashiyoga-massage.ch\/wp-content\/uploads\/2025\/05\/1000005742-1024x1024.jpg ,https:\/\/kashiyoga-massage.ch\/wp-content\/uploads\/2025\/05\/1000005742.jpg 780w, https:\/\/kashiyoga-massage.ch\/wp-content\/uploads\/2025\/05\/1000005742.jpg 360w\" sizes=\"auto, (max-width: 480px) 150px\" src=\"https:\/\/kashiyoga-massage.ch\/wp-content\/uploads\/2025\/05\/1000005742-1024x1024.jpg\" alt=\"\" class=\"uag-image-1701\" width=\"400\" height=\"400\" title=\"1000005742\" loading=\"lazy\" role=\"img\"\/><\/figure><\/div>\n<\/div>\n<\/div>\n\n\n\n<div class=\"wp-block-columns is-layout-flex wp-container-core-columns-is-layout-9d6595d7 wp-block-columns-is-layout-flex\">\n<div class=\"wp-block-column is-layout-flow wp-block-column-is-layout-flow\">\n<h2 class=\"wp-block-heading has-text-align-center\"><strong>Kombi Wellness-Massage und Energiearbeit<\/strong><\/h2>\n\n\n<div class=\"wp-block-image\">\n<figure class=\"aligncenter size-full is-resized\"><img loading=\"lazy\" decoding=\"async\" width=\"216\" height=\"266\" src=\"https:\/\/kashiyoga-massage.ch\/wp-content\/uploads\/2022\/10\/Botton_Symbol.png\" alt=\"\" class=\"wp-image-927\" style=\"width:54px;height:67px\"\/><\/figure>\n<\/div>\n\n\n<div style=\"height:10px\" aria-hidden=\"true\" class=\"wp-block-spacer\"><\/div>\n\n\n\n<p class=\"has-text-align-center\">Mit Ber\u00fchrung und intuitiven Bewegungen, entlang der Wirbels\u00e4ule, wird das autonome Nervensystem durch Energie aktiviert. Durch diesen Prozess k\u00f6nnen festgesetzte Blockaden und Verspannungen gel\u00f6st werden. Wenn das Nervensystem im Gleichgewicht ist, kann es reibungslos vom Stress zu Entspannung \u00fcbergehen. Wenn die Emotionen im Gleichgewicht und entspannt ist, wird der nat\u00fcrliche Atemrhythmus wieder ruhiger und flie\u00dft tiefer, so dass das ganze K\u00f6rpersystem sich neu und gel\u00f6st ausrichten kann.<br>Wenn wir zulassen, dass die Schichten programmierter (Stress, Angst und Spannung) abfallen d\u00fcrfen, kann tief in uns die Nat\u00fcrliche Selbstheilung erwacht werden.<\/p>\n\n\n\n<div style=\"height:10px\" aria-hidden=\"true\" class=\"wp-block-spacer\"><\/div>\n\n\n\n<p><strong>Indikation:<\/strong><\/p>\n\n\n\n<div class=\"wp-block-uagb-icon-list uagb-block-5528a914\"><div class=\"uagb-icon-list__wrap\">\n<div class=\"wp-block-uagb-icon-list-child uagb-block-6e91a286\"><span class=\"uagb-icon-list__source-wrap\"><svg xmlns=\"https:\/\/www.w3.org\/2000\/svg\" viewBox=\"0 0 512 512\"><path d=\"M256 159.1c-53.02 0-95.1 42.98-95.1 95.1S202.1 351.1 256 351.1s95.1-42.98 95.1-95.1S309 159.1 256 159.1zM509.3 347L446.1 255.1l63.15-91.01c6.332-9.125 1.104-21.74-9.826-23.72l-109-19.7l-19.7-109c-1.975-10.93-14.59-16.16-23.72-9.824L256 65.89L164.1 2.736c-9.125-6.332-21.74-1.107-23.72 9.824L121.6 121.6L12.56 141.3C1.633 143.2-3.596 155.9 2.736 164.1L65.89 256l-63.15 91.01c-6.332 9.125-1.105 21.74 9.824 23.72l109 19.7l19.7 109c1.975 10.93 14.59 16.16 23.72 9.824L256 446.1l91.01 63.15c9.127 6.334 21.75 1.107 23.72-9.822l19.7-109l109-19.7C510.4 368.8 515.6 356.1 509.3 347zM256 383.1c-70.69 0-127.1-57.31-127.1-127.1c0-70.69 57.31-127.1 127.1-127.1s127.1 57.3 127.1 127.1C383.1 326.7 326.7 383.1 256 383.1z\"><\/path><\/svg><\/span><span class=\"uagb-icon-list__label\">bei Verspannungen<\/span><\/div>\n\n\n\n<div class=\"wp-block-uagb-icon-list-child uagb-block-5dda38c2\"><span class=\"uagb-icon-list__source-wrap\"><svg xmlns=\"https:\/\/www.w3.org\/2000\/svg\" viewBox=\"0 0 512 512\"><path d=\"M256 159.1c-53.02 0-95.1 42.98-95.1 95.1S202.1 351.1 256 351.1s95.1-42.98 95.1-95.1S309 159.1 256 159.1zM509.3 347L446.1 255.1l63.15-91.01c6.332-9.125 1.104-21.74-9.826-23.72l-109-19.7l-19.7-109c-1.975-10.93-14.59-16.16-23.72-9.824L256 65.89L164.1 2.736c-9.125-6.332-21.74-1.107-23.72 9.824L121.6 121.6L12.56 141.3C1.633 143.2-3.596 155.9 2.736 164.1L65.89 256l-63.15 91.01c-6.332 9.125-1.105 21.74 9.824 23.72l109 19.7l19.7 109c1.975 10.93 14.59 16.16 23.72 9.824L256 446.1l91.01 63.15c9.127 6.334 21.75 1.107 23.72-9.822l19.7-109l109-19.7C510.4 368.8 515.6 356.1 509.3 347zM256 383.1c-70.69 0-127.1-57.31-127.1-127.1c0-70.69 57.31-127.1 127.1-127.1s127.1 57.3 127.1 127.1C383.1 326.7 326.7 383.1 256 383.1z\"><\/path><\/svg><\/span><span class=\"uagb-icon-list__label\">f\u00fcr allgemeine Regeneration und Wohlbefinden.<\/span><\/div>\n\n\n\n<div class=\"wp-block-uagb-icon-list-child uagb-block-4e44337b\"><span class=\"uagb-icon-list__source-wrap\"><svg xmlns=\"https:\/\/www.w3.org\/2000\/svg\" viewBox=\"0 0 512 512\"><path d=\"M256 159.1c-53.02 0-95.1 42.98-95.1 95.1S202.1 351.1 256 351.1s95.1-42.98 95.1-95.1S309 159.1 256 159.1zM509.3 347L446.1 255.1l63.15-91.01c6.332-9.125 1.104-21.74-9.826-23.72l-109-19.7l-19.7-109c-1.975-10.93-14.59-16.16-23.72-9.824L256 65.89L164.1 2.736c-9.125-6.332-21.74-1.107-23.72 9.824L121.6 121.6L12.56 141.3C1.633 143.2-3.596 155.9 2.736 164.1L65.89 256l-63.15 91.01c-6.332 9.125-1.105 21.74 9.824 23.72l109 19.7l19.7 109c1.975 10.93 14.59 16.16 23.72 9.824L256 446.1l91.01 63.15c9.127 6.334 21.75 1.107 23.72-9.822l19.7-109l109-19.7C510.4 368.8 515.6 356.1 509.3 347zM256 383.1c-70.69 0-127.1-57.31-127.1-127.1c0-70.69 57.31-127.1 127.1-127.1s127.1 57.3 127.1 127.1C383.1 326.7 326.7 383.1 256 383.1z\"><\/path><\/svg><\/span><span class=\"uagb-icon-list__label\">f\u00fcr Stressabbau und gute Durchblutung der Muskulatur<\/span><\/div>\n\n\n\n<div class=\"wp-block-uagb-icon-list-child uagb-block-a099679a\"><span class=\"uagb-icon-list__source-wrap\"><svg xmlns=\"https:\/\/www.w3.org\/2000\/svg\" viewBox=\"0 0 512 512\"><path d=\"M256 159.1c-53.02 0-95.1 42.98-95.1 95.1S202.1 351.1 256 351.1s95.1-42.98 95.1-95.1S309 159.1 256 159.1zM509.3 347L446.1 255.1l63.15-91.01c6.332-9.125 1.104-21.74-9.826-23.72l-109-19.7l-19.7-109c-1.975-10.93-14.59-16.16-23.72-9.824L256 65.89L164.1 2.736c-9.125-6.332-21.74-1.107-23.72 9.824L121.6 121.6L12.56 141.3C1.633 143.2-3.596 155.9 2.736 164.1L65.89 256l-63.15 91.01c-6.332 9.125-1.105 21.74 9.824 23.72l109 19.7l19.7 109c1.975 10.93 14.59 16.16 23.72 9.824L256 446.1l91.01 63.15c9.127 6.334 21.75 1.107 23.72-9.822l19.7-109l109-19.7C510.4 368.8 515.6 356.1 509.3 347zM256 383.1c-70.69 0-127.1-57.31-127.1-127.1c0-70.69 57.31-127.1 127.1-127.1s127.1 57.3 127.1 127.1C383.1 326.7 326.7 383.1 256 383.1z\"><\/path><\/svg><\/span><span class=\"uagb-icon-list__label\">bei M\u00fcdigkeit reguliert es die Energiestauungen im K\u00f6rper<\/span><\/div>\n\n\n\n<div class=\"wp-block-uagb-icon-list-child uagb-block-b078cdc3\"><span class=\"uagb-icon-list__source-wrap\"><svg xmlns=\"https:\/\/www.w3.org\/2000\/svg\" viewBox=\"0 0 512 512\"><path d=\"M256 159.1c-53.02 0-95.1 42.98-95.1 95.1S202.1 351.1 256 351.1s95.1-42.98 95.1-95.1S309 159.1 256 159.1zM509.3 347L446.1 255.1l63.15-91.01c6.332-9.125 1.104-21.74-9.826-23.72l-109-19.7l-19.7-109c-1.975-10.93-14.59-16.16-23.72-9.824L256 65.89L164.1 2.736c-9.125-6.332-21.74-1.107-23.72 9.824L121.6 121.6L12.56 141.3C1.633 143.2-3.596 155.9 2.736 164.1L65.89 256l-63.15 91.01c-6.332 9.125-1.105 21.74 9.824 23.72l109 19.7l19.7 109c1.975 10.93 14.59 16.16 23.72 9.824L256 446.1l91.01 63.15c9.127 6.334 21.75 1.107 23.72-9.822l19.7-109l109-19.7C510.4 368.8 515.6 356.1 509.3 347zM256 383.1c-70.69 0-127.1-57.31-127.1-127.1c0-70.69 57.31-127.1 127.1-127.1s127.1 57.3 127.1 127.1C383.1 326.7 326.7 383.1 256 383.1z\"><\/path><\/svg><\/span><span class=\"uagb-icon-list__label\">bei Blockaden der Energiebahnen und oberfl\u00e4chliches schnellen Atemrhythmus<\/span><\/div>\n<\/div><\/div>\n<\/div>\n<\/div>\n\n\n\n<div style=\"height:20px\" aria-hidden=\"true\" class=\"wp-block-spacer\"><\/div>\n\n\n\n<p class=\"has-text-align-center has-medium-font-size\"><strong>Finde deine passende Massage<\/strong><\/p>\n\n\n\n<div style=\"height:20px\" aria-hidden=\"true\" class=\"wp-block-spacer\"><\/div>\n\n\n\n<div class=\"wp-block-columns is-layout-flex wp-container-core-columns-is-layout-9d6595d7 wp-block-columns-is-layout-flex\">\n<div class=\"wp-block-column is-layout-flow wp-block-column-is-layout-flow\">\n<hr class=\"wp-block-separator has-alpha-channel-opacity is-style-wide\"\/>\n\n\n\n<h2 class=\"wp-block-heading has-text-align-center\">Preise und Termine<\/h2>\n\n\n\n<div style=\"height:20px\" aria-hidden=\"true\" class=\"wp-block-spacer\"><\/div>\n\n\n\n<p><strong>Ablauf bei der ersten Behandlung:<\/strong><br>Ich werde kurz ein Erstgespr\u00e4ch f\u00fchren und ein Fragebogen abgeben.<br>Die Abrechnung erfolgt durch Barzahlung oder Twint.<\/p>\n\n\n\n<p>Die Behandlung<strong> kann nicht <\/strong>\u00fcber die Zusatzversicherung bei der Krankenkasse abgerechnet werden.<\/p>\n\n\n\n<div style=\"height:20px\" aria-hidden=\"true\" class=\"wp-block-spacer\"><\/div>\n\n\n\n<div class=\"wp-block-columns is-layout-flex wp-container-core-columns-is-layout-9d6595d7 wp-block-columns-is-layout-flex\">\n<div class=\"wp-block-column is-layout-flow wp-block-column-is-layout-flow\">\n<div class=\"wp-block-columns alignwide is-layout-flex wp-container-core-columns-is-layout-9d6595d7 wp-block-columns-is-layout-flex\">\n<div class=\"wp-block-column has-white-color has-text-color has-background has-link-color wp-elements-11a0afefcf850fd914027afbf1df091c is-layout-flow wp-block-column-is-layout-flow\" style=\"background-color:#333333;padding-top:2em;padding-right:2em;padding-bottom:2em;padding-left:2em\">\n<h3 class=\"wp-block-heading has-white-color has-text-color\" id=\"single\" style=\"font-size:40px\">Einzelmassage<\/h3>\n\n\n\n<p>Preis bei Selbstzahler sind Variabel es sind Minimalpreis und Maximalpreis m\u00f6gllich.<\/p>\n\n\n\n<hr class=\"wp-block-separator has-text-color has-white-color has-alpha-channel-opacity has-white-background-color has-background is-style-wide\"\/>\n\n\n\n<div class=\"wp-block-buttons alignfull is-horizontal is-content-justification-center is-layout-flex wp-container-core-buttons-is-layout-499968f5 wp-block-buttons-is-layout-flex\">\n<div class=\"wp-block-button has-custom-width wp-block-button__width-100\"><a class=\"wp-block-button__link has-text-color has-background wp-element-button\" style=\"color:#333333;background-color:#c3a45e\">60 Min \/ CHF 80 bis 110<\/a><\/div>\n\n\n\n<div class=\"wp-block-button has-custom-width wp-block-button__width-100\"><a class=\"wp-block-button__link has-text-color has-background wp-element-button\" style=\"color:#333333;background-color:#c3a45e\">90 Min \/ CHF 120 bis 140<\/a><\/div>\n<\/div>\n<\/div>\n\n\n\n<div class=\"wp-block-column has-text-color has-background has-link-color wp-elements-2c7da3402e657e291ad7885ab6bc5fc5 is-layout-flow wp-block-column-is-layout-flow\" style=\"color:#333333;background-color:#c3a45e;padding-top:2em;padding-right:2em;padding-bottom:2em;padding-left:2em\">\n<h3 class=\"wp-block-heading has-text-color\" id=\"family\" style=\"color:#333333;font-size:40px\">Abonnemente<\/h3>\n\n\n\n<p class=\"has-normal-font-size\" style=\"line-height:1.5\">Die Abonnemente beinhaltet 4 Massagebehandlungen als <strong>Selbstzahler<\/strong><\/p>\n\n\n\n<hr class=\"wp-block-separator has-text-color has-alpha-channel-opacity has-background is-style-wide\" style=\"background-color:#333333;color:#333333\"\/>\n\n\n\n<div class=\"wp-block-buttons alignfull is-horizontal is-content-justification-center is-layout-flex wp-container-core-buttons-is-layout-499968f5 wp-block-buttons-is-layout-flex\">\n<div class=\"wp-block-button has-custom-width wp-block-button__width-100 is-style-fill\"><a class=\"wp-block-button__link has-white-color has-text-color has-background wp-element-button\" style=\"background-color:#333333\">Wellness kl. Massage CHF 300.-<\/a><\/div>\n\n\n\n<div class=\"wp-block-button has-custom-width wp-block-button__width-100 is-style-fill\"><a class=\"wp-block-button__link has-white-color has-text-color has-background wp-element-button\" style=\"background-color:#333333\">Massagetherapie CHF 320.-<\/a><\/div>\n\n\n\n<div class=\"wp-block-button has-custom-width wp-block-button__width-100 is-style-fill\"><a class=\"wp-block-button__link has-white-color has-text-color has-background wp-element-button\" style=\"background-color:#333333\">Chirotrance Hypnose CHF 380.-<\/a><\/div>\n\n\n\n<div class=\"wp-block-button has-custom-width wp-block-button__width-100 is-style-fill\"><a class=\"wp-block-button__link has-white-color has-text-color has-background wp-element-button\" style=\"background-color:#333333\">Kr\u00e4uterstempelmassage CHF 450.-<\/a><\/div>\n<\/div>\n<\/div>\n<\/div>\n<\/div>\n<\/div>\n<\/div>\n<\/div>\n\n\n\n<p><\/p>\n","protected":false},"excerpt":{"rendered":"<p>Das Prinzip dieser Arbeit ist eine Heilkunst, die bis mehrere tausende von Jahren zur\u00fcck geht. Schon damals war es durch Ber\u00fchrung mit den H\u00e4nden eine Steigerung des Wohlbefindens. In vielen Kulturen ist diese Heilkunst f\u00fcr K\u00f6rper Geist und Seele mit gr\u00f6sster Ehrfurcht und h\u00f6chstem Respekt f\u00fcr den K\u00f6rper verbunden. Im Zentrum steht der Mensch in seinem eigenem Pr\u00e4senz in seinem K\u00f6rper (der Tempel), um im Leben mit gr\u00f6sserer Leichtigkeit voranzukommen. Kombi Wellness-Massage und Energiearbeit Mit Ber\u00fchrung und intuitiven Bewegungen, entlang der Wirbels\u00e4ule, wird das autonome Nervensystem durch Energie aktiviert. Durch diesen Prozess k\u00f6nnen festgesetzte Blockaden und Verspannungen gel\u00f6st werden. Wenn das Nervensystem im Gleichgewicht ist, kann es reibungslos vom Stress zu Entspannung \u00fcbergehen. Wenn die Emotionen im Gleichgewicht und entspannt ist, wird der nat\u00fcrliche Atemrhythmus wieder ruhiger und flie\u00dft tiefer, so dass das ganze K\u00f6rpersystem sich neu und gel\u00f6st ausrichten kann.Wenn wir zulassen, dass die Schichten programmierter (Stress, Angst und Spannung) abfallen d\u00fcrfen, kann tief in uns die Nat\u00fcrliche Selbstheilung erwacht werden. Indikation: Finde deine passende Massage Preise und Termine Ablauf bei der ersten Behandlung:Ich werde kurz ein Erstgespr\u00e4ch f\u00fchren und ein Fragebogen abgeben.Die Abrechnung erfolgt durch Barzahlung oder Twint. Die Behandlung kann nicht \u00fcber die Zusatzversicherung bei der Krankenkasse abgerechnet werden. Einzelmassage Preis bei Selbstzahler sind Variabel es sind Minimalpreis und Maximalpreis m\u00f6gllich. Abonnemente Die Abonnemente beinhaltet 4 Massagebehandlungen als Selbstzahler<\/p>\n","protected":false},"author":1,"featured_media":0,"parent":0,"menu_order":0,"comment_status":"closed","ping_status":"closed","template":"","meta":{"_uag_custom_page_level_css":"","footnotes":""},"class_list":["post-1010","page","type-page","status-publish","hentry"],"uagb_featured_image_src":{"full":false,"thumbnail":false,"medium":false,"medium_large":false,"large":false,"1536x1536":false,"2048x2048":false,"ashe-slider-grid-thumbnail":false,"ashe-full-thumbnail":false,"ashe-grid-thumbnail":false,"ashe-list-thumbnail":false,"ashe-single-navigation":false,"mailpoet_newsletter_max":false},"uagb_author_info":{"display_name":"admin","author_link":"https:\/\/kashiyoga-massage.ch\/?author=1"},"uagb_comment_info":0,"uagb_excerpt":"Das Prinzip dieser Arbeit ist eine Heilkunst, die bis mehrere tausende von Jahren zur\u00fcck geht. Schon damals war es durch Ber\u00fchrung mit den H\u00e4nden eine Steigerung des Wohlbefindens. In vielen Kulturen ist diese Heilkunst f\u00fcr K\u00f6rper Geist und Seele mit gr\u00f6sster Ehrfurcht und h\u00f6chstem Respekt f\u00fcr den K\u00f6rper verbunden. Im Zentrum steht der Mensch in&hellip;","acf":[],"_links":{"self":[{"href":"https:\/\/kashiyoga-massage.ch\/index.php?rest_route=\/wp\/v2\/pages\/1010","targetHints":{"allow":["GET"]}}],"collection":[{"href":"https:\/\/kashiyoga-massage.ch\/index.php?rest_route=\/wp\/v2\/pages"}],"about":[{"href":"https:\/\/kashiyoga-massage.ch\/index.php?rest_route=\/wp\/v2\/types\/page"}],"author":[{"embeddable":true,"href":"https:\/\/kashiyoga-massage.ch\/index.php?rest_route=\/wp\/v2\/users\/1"}],"replies":[{"embeddable":true,"href":"https:\/\/kashiyoga-massage.ch\/index.php?rest_route=%2Fwp%2Fv2%2Fcomments&post=1010"}],"version-history":[{"count":115,"href":"https:\/\/kashiyoga-massage.ch\/index.php?rest_route=\/wp\/v2\/pages\/1010\/revisions"}],"predecessor-version":[{"id":1743,"href":"https:\/\/kashiyoga-massage.ch\/index.php?rest_route=\/wp\/v2\/pages\/1010\/revisions\/1743"}],"wp:attachment":[{"href":"https:\/\/kashiyoga-massage.ch\/index.php?rest_route=%2Fwp%2Fv2%2Fmedia&parent=1010"}],"curies":[{"name":"wp","href":"https:\/\/api.w.org\/{rel}","templated":true}]}}