{"id":1744,"date":"2025-12-04T10:52:11","date_gmt":"2025-12-04T09:52:11","guid":{"rendered":"https:\/\/kashiyoga-massage.ch\/?page_id=1744"},"modified":"2025-12-04T10:55:18","modified_gmt":"2025-12-04T09:55:18","slug":"chirotrance-hypnose","status":"publish","type":"page","link":"https:\/\/kashiyoga-massage.ch\/?page_id=1744","title":{"rendered":"ChiroTrance-Hypnose\u00ae"},"content":{"rendered":"\n<div class=\"wp-block-uagb-advanced-heading uagb-block-092539e8\"><h2 class=\"uagb-heading-text\">ChiroTrance Hypnose \u00ae<\/h2><\/div>\n\n\n\n<div style=\"height:40px\" aria-hidden=\"true\" class=\"wp-block-spacer\"><\/div>\n\n\n\n<p class=\"has-text-align-center\">Die ChiroTrance Hypnose \u00ae hat ihren Ursprung in der vedischen Hochkultur. Bei einer Behandlung werden die Selbstheilungskr\u00e4fte von K\u00f6rper, Geist und Seele aktiviert und geb\u00fcndelt. Die Behandlung findet komplett ohne Worte statt und erfolgt ausschlie\u00dflich \u00fcber die H\u00e4nde des Hypnosetherapeuten.<\/p>\n\n\n\n<p class=\"has-text-align-center\">Mit speziellen hypnotischen Ber\u00fchrungspunkten wird innert Sekunden eine tiefe Trance herbeigef\u00fchrt. Es finden keine Suggestionen statt, da die Hypnosesitzung wortlos stattfindet. Nonverbale Faktoren stehen im Vordergrund. So kann der \u00abInnere Heiler\u00bb und das autonome Nervensystem des Menschen optimal arbeiten. Der Mensch hat die Kompetenz, seinen K\u00f6rper auszugleichen und eine gewisse Balance zur\u00fcckzuerlangen, gegebenenfalls zu optimieren.<\/p>\n\n\n\n<p><\/p>\n","protected":false},"excerpt":{"rendered":"<p>ChiroTrance Hypnose \u00ae Die ChiroTrance Hypnose \u00ae hat ihren Ursprung in der vedischen Hochkultur. Bei einer Behandlung werden die Selbstheilungskr\u00e4fte von K\u00f6rper, Geist und Seele aktiviert und geb\u00fcndelt. Die Behandlung findet komplett ohne Worte statt und erfolgt ausschlie\u00dflich \u00fcber die H\u00e4nde des Hypnosetherapeuten. Mit speziellen hypnotischen Ber\u00fchrungspunkten wird innert Sekunden eine tiefe Trance herbeigef\u00fchrt. Es finden keine Suggestionen statt, da die Hypnosesitzung wortlos stattfindet. Nonverbale Faktoren stehen im Vordergrund. So kann der \u00abInnere Heiler\u00bb und das autonome Nervensystem des Menschen optimal arbeiten. Der Mensch hat die Kompetenz, seinen K\u00f6rper auszugleichen und eine gewisse Balance zur\u00fcckzuerlangen, gegebenenfalls zu optimieren.<\/p>\n","protected":false},"author":1,"featured_media":0,"parent":0,"menu_order":0,"comment_status":"closed","ping_status":"closed","template":"","meta":{"_uag_custom_page_level_css":"","footnotes":""},"class_list":["post-1744","page","type-page","status-publish","hentry"],"uagb_featured_image_src":{"full":false,"thumbnail":false,"medium":false,"medium_large":false,"large":false,"1536x1536":false,"2048x2048":false,"ashe-slider-grid-thumbnail":false,"ashe-full-thumbnail":false,"ashe-grid-thumbnail":false,"ashe-list-thumbnail":false,"ashe-single-navigation":false,"mailpoet_newsletter_max":false},"uagb_author_info":{"display_name":"admin","author_link":"https:\/\/kashiyoga-massage.ch\/?author=1"},"uagb_comment_info":0,"uagb_excerpt":"ChiroTrance Hypnose \u00ae Die ChiroTrance Hypnose \u00ae hat ihren Ursprung in der vedischen Hochkultur. Bei einer Behandlung werden die Selbstheilungskr\u00e4fte von K\u00f6rper, Geist und Seele aktiviert und geb\u00fcndelt. Die Behandlung findet komplett ohne Worte statt und erfolgt ausschlie\u00dflich \u00fcber die H\u00e4nde des Hypnosetherapeuten. Mit speziellen hypnotischen Ber\u00fchrungspunkten wird innert Sekunden eine tiefe Trance herbeigef\u00fchrt. Es&hellip;","acf":[],"_links":{"self":[{"href":"https:\/\/kashiyoga-massage.ch\/index.php?rest_route=\/wp\/v2\/pages\/1744","targetHints":{"allow":["GET"]}}],"collection":[{"href":"https:\/\/kashiyoga-massage.ch\/index.php?rest_route=\/wp\/v2\/pages"}],"about":[{"href":"https:\/\/kashiyoga-massage.ch\/index.php?rest_route=\/wp\/v2\/types\/page"}],"author":[{"embeddable":true,"href":"https:\/\/kashiyoga-massage.ch\/index.php?rest_route=\/wp\/v2\/users\/1"}],"replies":[{"embeddable":true,"href":"https:\/\/kashiyoga-massage.ch\/index.php?rest_route=%2Fwp%2Fv2%2Fcomments&post=1744"}],"version-history":[{"count":5,"href":"https:\/\/kashiyoga-massage.ch\/index.php?rest_route=\/wp\/v2\/pages\/1744\/revisions"}],"predecessor-version":[{"id":1749,"href":"https:\/\/kashiyoga-massage.ch\/index.php?rest_route=\/wp\/v2\/pages\/1744\/revisions\/1749"}],"wp:attachment":[{"href":"https:\/\/kashiyoga-massage.ch\/index.php?rest_route=%2Fwp%2Fv2%2Fmedia&parent=1744"}],"curies":[{"name":"wp","href":"https:\/\/api.w.org\/{rel}","templated":true}]}}